*m + x + 105900 = -91*m, -4*x = -8. Is m composite?
True
Let v = 36738 + 176975. Is v a prime number?
True
Let d(c) = 59383*c**2 + 164*c + 478. Is d(-3) a prime number?
False
Is (-8)/((-96)/2296959) + (-4)/16 a prime number?
True
Suppose 3*j = 2*r + 5, 5*r - j = -2*j + 13. Suppose 3*a - 8 = r*a. Suppose 0 = -p - u + 1581, 0 = -p + 11*u - a*u + 1565. Is p a prime number?
False
Let a(j) be the second derivative of 1021*j**3/6 - j**2 + 110*j. Is a(3) a composite number?
False
Let n(x) = -x**3 + 7*x**2 - 15*x. Let o be n(2). Is (2872 - o*(-4)/8) + -4 a composite number?
True
Let v(x) = 1284*x**2 - 289*x - 3838. Is v(-15) composite?
False
Is -35614*(-14)/(-112)*-4 a composite number?
False
Suppose 232*g = 227*g - 3375. Let i = -41 - g. Is i a composite number?
True
Is (-117)/(-312) - 4428894/(-48) composite?
False
Suppose -3*v - 3*i + 27 = 0, -2*v + 19 = -2*i + 13. Let m(x) = 187*x + 137. Is m(v) a prime number?
True
Suppose 0 = -2*u, 523*u + 901869 = 3*t + 521*u. Is t a composite number?
False
Suppose -3*m + 0 = p + 10, -2*m = -p + 15. Is (3793/m)/((-11)/55) composite?
False
Let m be (-1)/((-1)/(-2) + (4 - 5)). Suppose -4*i = 16, -i - 1 = -m*x + 1. Let h(w) = 80*w**2 + w. Is h(x) prime?
True
Let m(h) = 23*h**2 + 49*h - 13. Suppose 2*d = -4*k + 6, -5*k = -21*d + 17*d + 51. Is m(d) a prime number?
False
Let d = 81783 + -40942. Is d a composite number?
False
Let z(o) = 3926*o + 17. Suppose -8 = -18*x + 10. Is z(x) prime?
True
Let q = 290801 - -229792. Is q composite?
True
Suppose -3*r = d - 12, 4*r = 5*d + 3*r + 4. Let m be -2*1*-1 + d/15. Is (-3048)/(-66) - m/11 prime?
False
Let g = -2 + 17. Let h(n) = -12*n**2 + 9*n - 11. Let z be h(3). Is (z/3)/2*(12 - g) prime?
False
Let w(m) = -176621*m**3 - 5*m - 3. Is w(-1) prime?
False
Suppose -10*c = 2141 - 41. Let q = c - -709. Is q composite?
False
Is 23/(1449/789950) - (-4)/36 prime?
True
Let c be (22 - 17)*(-12)/(-10). Suppose -2*u - 7659 = -r, -11*r + c*r + 38307 = -4*u. Is r a prime number?
False
Let j(b) = 34*b**2 + 489*b - 597. Is j(88) prime?
False
Let t(p) = 12132*p**2 + 49*p - 113. Is t(-8) prime?
False
Suppose 0 = 2*x - 5*u + u - 29142, -3*x + 43703 = -u. Let q = x - 7724. Is q a composite number?
True
Let i be (-1 + -4)*46/115. Is (1 - 308)/((-2)/((-4)/i)) a composite number?
False
Let d be (40/30)/((-4)/(-3)). Let f be (d/(-2))/(((-3)/12)/1). Suppose -w + f = 4, -799 = -3*l + 5*w. Is l prime?
True
Suppose -3*o + 2*v - 45937 = 33093, -4*v = -4*o - 105376. Let q = o + 44695. Is q a prime number?
True
Suppose 6*i - 5508 = 2*i. Let s = -521 + i. Suppose 3211 = 3*t + s. Is t composite?
True
Let t(q) = q - 7. Let s be t(4). Is (-2)/(-5) + ((-38214)/(-15) - s) a composite number?
False
Suppose -6*v + 4*h = -5189974, 6*h - 8*h + 1729968 = 2*v. Is v composite?
True
Let p = -14255 + 565906. Is p a prime number?
True
Let r(z) = 87*z + 35. Suppose 90*d = 96*d - 72. Is r(d) composite?
True
Suppose -521773 = -29*s + 11*s + 2916173. Is s a composite number?
False
Suppose -5*o + 478 = -v - 794, -5*o - 2*v + 1266 = 0. Let b(u) = u**2 + 10*u + 8. Let y be b(-8). Is 2/(y/(-12)) + o composite?
False
Suppose -2*n + n + 2*g + 14 = 0, 3*g = -4*n + 1. Suppose -4*m + 2797 + 2649 = t, -n*t - 2714 = -2*m. Is m prime?
True
Let l(y) = -9112*y + 85. Is l(-1) prime?
False
Let v(p) = -73678*p + 5683. Is v(-3) a composite number?
True
Suppose -12*r + 10*r + 21117 = -g, 0 = -4*r + 5*g + 42219. Is r a composite number?
True
Let v(b) = -191971*b**2 + 9*b - 9. Let w be v(1). Is w/(-65) + 8/(-20) composite?
False
Let g(o) = -54 + 2 + 19 - 18*o - 6*o - 118 + 708*o**2. Is g(-6) prime?
False
Let a = 15 - 29. Let p = a + 69. Suppose -60*b + p*b = -2095. Is b composite?
False
Let l(v) = -v**3 + 87*v**2 - 278*v - 511. Is l(82) a prime number?
True
Suppose 16*b + 30 = -66. Let v(j) = 245*j**2 + 54*j + 317. Is v(b) composite?
True
Let h(c) = -7*c - 3. Let x be h(-1). Suppose x*d + 249 - 845 = 0. Suppose 5*g - 36 = d. Is g a prime number?
True
Let d = -229300 + 391457. Is d a prime number?
False
Let l(y) = -2*y**3 + 40*y**2 - 12*y - 33. Let w be l(28). Let x = 22094 + w. Is x composite?
False
Let l = -2554 - -2251. Suppose -1192 = -2*v - 0*v. Let w = v + l. Is w a composite number?
False
Let n be 67158/27 + ((-14)/(-3) - 4). Let i = 1501 + n. Is i composite?
False
Suppose 5*d - 2*h - 124258 = 0, -2*d + 33441 + 16268 = 5*h. Let i = -16453 + d. Is i composite?
True
Let o = -277295 + 435424. Is o a prime number?
True
Let p(v) = -20*v - 51. Let f(g) = g**2 + 5*g - 5. Let x be f(-5). Let l be p(x). Suppose 5*r + 470 = 2*t, -656 - l = -3*t - 4*r. Is t a composite number?
True
Suppose 2689*f - 2593*f = 56876640. Is f a composite number?
True
Suppose 22903 = -22*a + 814913 + 682716. Is a a prime number?
True
Let r(h) = -69*h + 4. Let f(p) = -70*p + 4. Let c(a) = -5*f(a) + 6*r(a). Let l be c(-6). Let x = l + -165. Is x a prime number?
True
Suppose -4*g - 3*r - 12 = 0, 2*g - g - 20 = 5*r. Suppose -290 = -2*z - 0*x + 2*x, -4*z = -2*x - 590. Suppose g = l - 49 - z. Is l prime?
True
Let h be (-6 + 7 + -10863)*1. Let z = h - -16735. Is z prime?
False
Let k = -48101 - -110892. Is k composite?
False
Let w(l) = -2*l**2 + 3*l + 12. Let k be w(-4). Let m be (k/(-40))/((-1)/(-380)). Suppose -78 = -2*o + m. Is o prime?
True
Suppose 62 = g + 21. Let v(z) = 49*z - 53*z + 188*z + g. Is v(18) prime?
False
Let r be 0 + 3/3 + 228. Let y = -2463 + 2470. Is (y - r*-15)/(2/1) a prime number?
True
Let z(a) = 2*a + 2 - 6*a + 49*a**2 - 14. Let h be 21/15*(325/20)/(-13)*-4. Is z(h) a prime number?
False
Suppose 50*a + 315*a = 71533795. Is a prime?
False
Suppose -5*d + 0*d - 621179 = -4*h, -d - 3 = 0. Is h prime?
True
Let r(p) = -p**3 - 14*p**2 + 15*p - 21. Let d be r(-15). Let w(x) = x**3 + 39*x**2 + 84*x - 31. Is w(d) composite?
False
Let j(q) = -10*q**3 + 37*q**2 + 14*q + 369. Is j(-20) a prime number?
True
Suppose 0 = 72*r - 68*r + 2*q - 1427880, 5*r = -2*q + 1784851. Is r a prime number?
False
Suppose -48*i + 119158 = -42*i + 20*i. Is i a prime number?
True
Let f(m) = 5*m**2 - 26*m - 2. Suppose -5*r + 13 = 3*u + 1, -4*u + 16 = 3*r. Suppose 2*w = -u*h - 14, 0 = -w - 4*h - 3. Is f(w) a prime number?
False
Let r be (6/(-4))/((-59)/14986). Suppose 0 = 4*g + g + 140. Let u = g + r. Is u composite?
False
Suppose -452837 = -8*z + 17131. Suppose 0 = -75*o + 81*o - z. Is o composite?
False
Let o(d) = 60*d**2 - 368*d - 2994. Let w be o(-8). Suppose -5*s + s = 0. Suppose -3*l + 13*l - w = s. Is l prime?
True
Suppose -24809*v = -24812*v + 1242933. Is v a prime number?
True
Let n = -708 - -558. Is (1693/(-2))/(15/n) - 4 a prime number?
True
Let n be 30/25*(-25)/(-15). Is -362*(-7)/n + 6 a composite number?
True
Suppose 0 = 9*x - 3*x. Suppose x*t = -5*t - 510. Let l = 400 + t. Is l prime?
False
Let z = 1478 + -866. Suppose -27*c + z = -28*c. Let k = c - -1651. Is k a composite number?
False
Suppose -6 = -7*w + 8. Suppose 0 + 5 = i - 2*k, w*i + k - 20 = 0. Is i*60 - -3 - (3 + -1) a prime number?
True
Suppose 3*u + 51 = 39. Is (2/u*5)/(43/(-437482)) a composite number?
True
Suppose 0 = 1632*m - 1595*m - 32131355. Is m prime?
False
Let c = -260100 + 454117. Is c composite?
False
Is (-4)/(-3)*((-108262496)/(-128) + 5) a composite number?
False
Let s = -76 + 97. Suppose s*l + 8 = 25*l. Suppose -754 = -3*p - 5*z, l*z = -2*z - 4. Is p a prime number?
False
Suppose 4*p - 3*f = 1508437 + 259021, -p = 3*f - 441887. Is p a composite number?
True
Let g(d) = 204*d**3 + 42*d**2 + 6*d - 5. Is g(7) a composite number?
True
Let k = -175874 + 249873. Is k prime?
True
Let r(l) = 7551*l**2 - 6*l - 3. Let m be r(-1). Suppose -15*u = -9*u - m. Is u composite?
False
Suppose -10*v + 7*v = 6, -3*v - 125173 = -p. Is p composite?
True
Let g(l) = -39*l + 108. Let o be g(6). Let m = -167 + 292. Let v = m - o. Is v a composite number?
False
Suppose 0*c - 9 = -3*c + 5*u, -3*u = 4*c - 12. Suppose -3 = -c*x + 3. Suppose -3*j + 3417 + 1185 = -h, x*j - 4*h - 3058 = 0. Is j a composite number?
True
Suppose 0 = 14*n - 2400961 - 1137817 - 997194. Is n a prime number?
False
Suppose 3*h - 1248 = -f, 0 = 4*f + 4*h - 2183 - 2833. Is f/2*(-240)/(-72) prime?
False
Let w(z) = 6*z**2 + 31*z + 5. Let n be w(-5). Suppose -6*c = -7*c - 4*s + 907, n = 2*s. Is c a prime number?
True
Suppose 2*w + 0*w = 0. Let f be 3/12 + (w - (-